 320 and 102652880.
80
What is the highest common divisor of 679849 and 112858?
73
Calculate the greatest common divisor of 101332 and 13693372.
308
Calculate the highest common factor of 11590978 and 14.
14
What is the highest common divisor of 29314075 and 3703?
161
What is the greatest common divisor of 1141 and 111910421?
1141
Calculate the greatest common divisor of 17466140 and 2397.
799
Calculate the greatest common factor of 134035 and 965.
5
What is the greatest common factor of 113726886 and 195?
39
What is the greatest common divisor of 1002449 and 10085?
2017
Calculate the greatest common divisor of 1642815 and 860.
215
Calculate the highest common divisor of 21369026 and 11676.
1946
What is the highest common factor of 40979411 and 11792?
737
What is the greatest common factor of 24235 and 280340?
655
What is the highest common factor of 1924 and 20706569?
481
Calculate the greatest common factor of 48657504 and 17472.
672
Calculate the highest common factor of 34086 and 150085902.
2622
What is the highest common divisor of 1797655 and 50001?
2381
What is the highest common factor of 27916 and 458429573?
6979
Calculate the highest common divisor of 1110 and 56471620.
370
What is the greatest common divisor of 275345651 and 40817?
5831
Calculate the highest common divisor of 2120 and 125720.
40
Calculate the highest common divisor of 52772 and 75484.
668
What is the greatest common divisor of 198 and 532253799?
99
Calculate the highest common factor of 3552 and 52799.
37
What is the greatest common factor of 1539383427 and 642?
321
What is the highest common divisor of 81 and 221346?
27
What is the greatest common divisor of 1279538306 and 309?
103
Calculate the highest common factor of 44685157 and 11.
11
What is the greatest common divisor of 2740 and 17249396?
548
Calculate the highest common divisor of 51545541 and 2922.
1461
What is the greatest common factor of 60876740 and 2020?
2020
Calculate the highest common divisor of 33802188 and 595.
119
What is the highest common divisor of 15326 and 66736?
194
Calculate the greatest common divisor of 10911202 and 1648.
206
What is the greatest common factor of 37562601 and 3895?
779
What is the highest common divisor of 241 and 6693106948?
241
What is the highest common factor of 40221790 and 15?
5
Calculate the greatest common factor of 379854 and 82485.
423
What is the greatest common divisor of 371516 and 3457084?
2836
Calculate the greatest common factor of 2782506 and 1886.
82
Calculate the greatest common factor of 13954567 and 11.
11
What is the highest common factor of 80522342 and 76?
38
Calculate the highest common divisor of 462 and 44804298.
462
Calculate the greatest common divisor of 664660 and 363726.
334
What is the greatest common factor of 26207301 and 764?
191
What is the highest common divisor of 198 and 88953381?
99
Calculate the highest common factor of 493 and 3774988.
29
What is the greatest common factor of 12 and 387600198?
6
What is the greatest common factor of 58510 and 86?
2
Calculate the greatest common divisor of 15312 and 21048.
24
What is the highest common divisor of 12544 and 365148?
196
Calculate the greatest common divisor of 37369698 and 2.
2
What is the greatest common divisor of 4940 and 3842560?
380
What is the greatest common divisor of 100416 and 230391960?
12552
Calculate the highest common factor of 14 and 2642206.
14
What is the greatest common divisor of 43422581 and 76?
19
What is the highest common factor of 82720963 and 1508?
377
What is the highest common divisor of 6 and 37908658?
2
Calculate the highest common divisor of 141285738 and 16005.
3201
Calculate the greatest common divisor of 1974 and 5591684.
658
Calculate the greatest common divisor of 9695192 and 936.
104
Calculate the greatest common factor of 40318 and 5339.
19
Calculate the greatest common factor of 115432 and 256.
8
What is the highest common factor of 2102 and 2153499?
1051
What is the highest common divisor of 574494 and 159099?
543
Calculate the greatest common divisor of 1825 and 46175.
25
Calculate the highest common divisor of 17403396 and 732.
12
Calculate the greatest common divisor of 7078956 and 35916.
876
Calculate the greatest common factor of 288108 and 16960.
212
What is the highest common factor of 3733782 and 6624?
6
What is the greatest common divisor of 509 and 49320573?
509
What is the highest common factor of 6465334 and 1101958?
7706
Calculate the greatest common divisor of 2267114 and 6.
2
Calculate the highest common divisor of 14473762 and 184.
46
What is the greatest common factor of 12 and 1557705732?
12
What is the greatest common factor of 3150 and 151785550?
350
Calculate the highest common divisor of 108 and 1514232.
36
What is the greatest common divisor of 718984 and 6734?
518
What is the highest common divisor of 426 and 35217633?
213
What is the greatest common factor of 16419 and 16347851?
5473
What is the highest common factor of 97672 and 1637269?
421
Calculate the greatest common factor of 126981786 and 1662.
1662
Calculate the greatest common factor of 14247 and 29727.
9
Calculate the greatest common factor of 4322967 and 264.
33
What is the highest common factor of 1470 and 344730?
30
What is the highest common factor of 184 and 19028820?
92
Calculate the highest common divisor of 93369937 and 9628.
2407
Calculate the greatest common factor of 23670 and 7101.
2367
What is the highest common factor of 164373 and 2376?
33
What is the highest common divisor of 1010 and 1417276945?
505
Calculate the highest common divisor of 25844 and 2183636.
364
Calculate the highest common factor of 46893 and 98637.
1617
What is the greatest common factor of 1165 and 7581121?
233
Calculate the highest common factor of 44643 and 103707.
69
Calculate the highest common divisor of 304 and 248406.
38
Calculate the greatest common factor of 59160 and 8746806.
2958
Calculate the greatest common divisor of 776 and 2492415.
97
What is the greatest common divisor of 892360 and 4760?
280
Calculate the greatest common divisor of 2207550 and 150.
150
What is the highest common divisor of 1477698 and 141426?
582
What is the highest common divisor of 50058 and 14913?
9
What is the greatest common factor of 21114 and 5490882?
1242
What is the highest common divisor of 29062336 and 192?
64
Calculate the highest common divisor of 104964485 and 145.
145
What is the greatest common divisor of 1818 and 26478?
18
What is the greatest common divisor of 1468242 and 54?
18
Calculate the greatest common factor of 743345341 and 19.
19
Calculate the greatest common divisor of 28984074 and 1730.
346
Calculate the greatest common divisor of 3056 and 36352.
16
What is the greatest common factor of 2968634 and 172?
86
What is the highest common divisor of 1907 and 250924967?
1907
What is the greatest common divisor of 11600861 and 4325?
173
What is the greatest common divisor of 8517771 and 649?
59
What is the greatest common factor of 254144 and 32384?
704
Calculate the highest common factor of 11125 and 23169815.
445
What is the greatest common factor of 40392 and 4428?
108
Calculate the highest common factor of 3600268 and 3976.
1988
Calculate the highest common divisor of 384423478 and 870.
58
Calculate the greatest common divisor of 100125 and 747000.
1125
What is the highest common divisor of 976053 and 18096?
1131
Calculate the highest common factor of 67716 and 88790724.
7524
Calculate the highest common divisor of 513310 and 3430.
70
Calculate the greatest common factor of 43130 and 14155.
95
Calculate the greatest common divisor of 431921 and 448.
7
Calculate the highest common divisor of 72289588 and 4.
4
What is the highest common divisor of 385587 and 153?
9
Calculate the greatest common divisor of 108701761 and 42007.
2471
Calculate the greatest common factor of 165 and 12657975.
165
Calculate the greatest common factor of 939356 and 19943.
407
Calculate the greatest common divisor of 83 and 250435651.
83
Calculate the highest common divisor of 36 and 164992104.
36
Calculate the greatest common divisor of 345 and 158470.
115
Calculate the greatest common divisor of 99 and 12406416.
33
What is the greatest common factor of 269715747 and 29596?
7399
Calc